+ (6 - -5) - ((-8 - (-8 + 8)) + 6)?
1
What is -74 + 89 + -36 + -7?
-28
What is 2 + (1 - 1 - 5) + 121 - (-235 - -244)?
109
Evaluate 3 + -4 - ((20 - 29) + (22 - 5) + 67).
-76
What is the value of -733 + 751 - (1 + 1 + 46)?
-30
What is the value of -3 + 25 + 21 + 2 + -22?
23
Calculate (-10 - 2) + 16 + -44 + 10.
-30
What is -17 + -10 + (25 - 10) + 95 + -9?
74
What is the value of 1 + -7 - (1893 + -1859 - (-1 - 0 - -6))?
-35
(15 - 11) + (4 - (-4 + 15)) + 2 + -25
-26
Evaluate 58 - ((-38 - 3 - -12) + 46).
41
Calculate 2687 + -2778 + -2 + -5 + 2 + 4.
-92
Evaluate 0 - -4 - 27 - (-520 + 547).
-50
What is (1 - (-47 + 49)) + -20 + -1?
-22
Calculate -31 + -1 + (2 - (16 - (-12 + (13 - -10)))).
-35
What is (-1 + (8 - 15) + 2 - -115) + -8?
101
Evaluate 5 - (21 - (-7 - -54)).
31
What is 13 + (-62 - -76 - (79 + 1))?
-53
What is -2 + 41 + -25 + 0 + 17?
31
Calculate (-27 + -5 - (3 - (-3 + (-1 - -4)))) + 0.
-35
-6 - (1 + (14 - 7)) - (-8 - 1)
-5
(0 + -2 - -1) + 0 + 2830 + -2843
-14
What is the value of -5 + ((-1 - 9) + (17 - 9) - -8)?
1
Calculate -102 - 10 - (-51 - 2).
-59
Calculate 2482 - 2379 - (1 + (3 - 0)).
99
Evaluate -27 + 42 + -30 + 7 + 32.
24
What is the value of (10 - (4 - (2 + -13 + 14))) + 0 + -5?
4
What is the value of -26 + -41 + 25 + (0 + -1 - 3)?
-46
What is -1 + (21 - -1) + (-877 - -856) - 49?
-49
Calculate -29 - -17 - (5 - 9 - -5 - -4).
-17
Calculate 8 + (-3 - (2 + 3 + -4 - 8)) + 7.
19
Calculate 406 - 401 - (-1 - (2 - -5)) - 42.
-29
Calculate (-92 - -4 - -69) + -42.
-61
What is the value of (-1 - -3) + 0 - (8374 + -8297)?
-75
-36 + 1 - (9888 - 9990)
67
Calculate 2 + -21 + 1 - (-1094 - -1117).
-41
Calculate 46 + 7 + (-63 - -48).
38
18 + -24 + -8 + 15 + -36 + 1
-34
(-23 + 190 - 53) + -75
39
23 - (-7 - 23 - (-40 - -20))
33
(36 - (-53 + 67)) + (19 - 1)
40
1 + -164 + 5503 + -5402
-62
What is the value of -6 - (45 + 88 + -182)?
43
Calculate -14 + (33 - (-49 + 28)) + 4.
44
What is the value of -17 + 9 + -16 - (-89 + 16)?
49
-32 + (-10 - (-52 + (-5 - 8)))
23
(-54 + 14 + -7 - -6) + -1 + -12
-54
Evaluate -4 + -76 - (-179 - -96).
3
Calculate (-14 - 0) + -10 + 109 + -65.
20
Calculate -64 + 27 + 14 - (-2 - 77).
56
Evaluate 2 + -1 + -76 + (177 - (-168 - -327)).
-57
What is -7 + (36 - 1 - 1) + (0 - 12)?
15
Calculate (0 - 58) + (21 - 19) - (28 + -41).
-43
Calculate 3551 - 3502 - (2 - -56).
-9
What is the value of (-53992 - -54006) + (2 + 1 + -2 - -26)?
41
-1 - (-116 + (-18 - -78))
55
What is -57 + 104 + -41 + -73?
-67
What is -13 - (-3 + 5 + (-10 - (10 - 20)) - 8)?
-7
Evaluate (-4 + -10 - -8) + 6 + -7 - -16 - -5.
14
What is 2 + -1 - (-7 + -21 + 71)?
-42
Evaluate -12 - (-11 + -18) - (-194 + 187 - (0 - -1)).
25
Evaluate (10 - -36) + (-33 - 3).
10
What is the value of 6 - ((36 - 50) + (6 - 24))?
38
Evaluate (51 - 21 - (6 - (1 - (-1 + 5)))) + 8.
29
Evaluate -42 - (-2 + 16 - (-2 - -21 - (86 - 76))).
-47
What is -184 + -57 + 207 - (-19 - 1)?
-14
What is the value of (218 - 215) + (4 - (1 - 2)) + 2 + 18?
28
Calculate -4 - (57 + -92 - (-3 + 6 + -1)).
33
What is 26 + (-77 - -34) - -77?
60
Calculate (-14 - (-10 + 7)) + 10 - 7.
-8
What is the value of 33253 - 33314 - (0 - 11)?
-50
What is (119 - 66) + 12 + -82?
-17
Calculate (1 + -7 - 4 - -6) + 14 + 21.
31
2 + (3 + -6 - 2 - -3 - (-2065 - -2034))
31
What is 2428 - 2335 - (49 + -49 + (-1 + 1 - 0))?
93
Calculate -9 + 22 - (17 - 5) - 30.
-29
Calculate -46 + (-2 - (-1 - (2 - 3))) + (3 - 12).
-57
What is 46 + (-129 - -93) + -53?
-43
What is the value of -486 + 498 + (64 - 4)?
72
What is 43 + -49 - (-2 - 32)?
28
-16 + -24 + 8 + -13 + -18
-63
What is the value of -130 + 55 + 79 + 2 + -39?
-33
What is -30 - (8 + (19 - 41))?
-16
Calculate -4531 + 4506 + -20 + -1.
-46
Evaluate (-3 - -3) + 1 + (6 - (6 - (2 - 44))).
-41
Calculate -35 - (-48 + 14) - (-5 - (7 + 52)).
63
Calculate (45 - 95) + (1 - -20) - 23.
-52
What is the value of (-28 - -10) + 3 + 2 - (-31 - (-61 + -7))?
-50
Evaluate (-18 - ((-12 - -16 - -1) + 43)) + (1 - -1).
-64
Evaluate (-33 - -1 - 11) + -51.
-94
Evaluate -26 + 11 + 2 + -6 - 5 - 0.
-24
What is the value of 2 - 23 - (2 - 2) - 11?
-32
What is the value of (0 - -117) + (4389 - 4437)?
69
(-3 - -43) + (-137 - -139) - (-3 - (1 + -1))
45
What is -35 + (31 - -1) + -19?
-22
What is the value of 16 + 1 - ((6 - -19) + -9 + -27)?
28
Evaluate (13 + 57 + 19 - (-7 - 1)) + (1 - -4).
102
(-127 - -38) + 9 + 30
-50
-101 - (68 + (-102 - -16))
-83
46 + (-42 - (-12 - 16)) + (21 - 0)
53
What is -86 - (-37 + 93 + -111)?
-31
What is -48 + 18 + (15 - 24) + (-32 - -7) - -1?
-63
What is the value of -24 - -18 - (14 - (0 + 13 + 6))?
-1
What is 50 + 9 - (7 - -65 - 41)?
28
Calculate -2 - 1 - ((29 - 21) + 19 - -9).
-39
What is the value of (-5 - (-32 + 17)) + 11 - 28?
-7
Evaluate (-4 - (-25 + 23 + (0 - 3))) + (-79 - -142).
64
-8922 - -8902 - (-1 + 22)
-41
What is the value of (-76 - -27) + (0 - (11 + -3)) + 21?
-36
Calculate (-6 - -23) + (-10 - -1) + 12 - -5.
25
Evaluate 351 + -354 + (-4 - (8 + (2 - -2))).
-19
4 + 3 + -10 - 83 - (45 + -56) - -9
-66
What is -31 + 13 + 27 - -10?
19
Evaluate (14 - 1) + -111 - (-29 - -6).
-75
What is the value of -7 - (-11 + (-20 - -28)) - 54?
-58
Evaluate 50 + (-10 - (-65 + 69)).
36
Evaluate -14915 + 14859 - (-19 + -1 + 2).
-38
What is 10 + 2 + (-12 - 31) - (3 + (-4 - -3))?
-33
What is the value of 34 + -43 + -13 + 19?
-3
What is 62 + (-10 + 21 - (5 - 4) - 20)?
52
What is 27 + -2 + -32 + 9 + 4?
6
What is the value of 36 - (-22 + 41) - 30?
-13
What is 72 + 2 + -33 + -34 + (0 - -18)?
25
What is -53 - (-14 + (-25 + 12 - -16))?
-42
What is the value of (-4 - 27) + -7 + (-4 - 3) + 1?
-44
What is 198 - 207 - (33 + -5 + 11 + -1 + -4)?
-43
What is the value of (-107 - (-102 - -22)) + 29 + 1?
3
What is the value of 89 - 72 - (20 + 10)?
-13
34 + -13 + (16 - ((11 - (-9 + 17)) + -12))
46
What is 73 + -38 + -32 + 1 + 0 + -7 + -71?
-74
Calculate -4 + (-40 - -36) - ((9 + -3 - 2) + -4).
-8
-276 + 277 + (-8 - (3 - -3))
-13
Calculate (6 - 6) + (0 - -7) + -236 + 222 - 18.
-25
What is -18 - (20 + (-18 - (3 - 10)))?
-27
What is (-11 - (-4 - (-8 - -2))) + (79 - 19) - 1?
46
2 + 1 + -220 + 205 + 0 + 54
42
What is -1 + -2 + 33 + -17?
13
Evaluate (45 - -2) + (2 - 12) + 15 + 27 + -34.
45
-3 - -1 - -12 - (11 + 29)
-30
What is -1 + (155 - 65) + -117?
-28
What is -47 - -41 - -37 - 25?
6
What is the value of 0 - ((1 + -12 + 20 - 6) + -7)?
4
Calculate (-5 - (-16 - -8) - 14) + 24 + 3.
16
What is the value of 12 + -12 + (2 - (1 + 1)) - -4 - 53?
-49
What is (-7 - (-2 + -2 + 2)) + 8538 + -8580?
-47
Evaluate 52 + (69 - 48) + (-5 - (-14 - -8)).
74
Calculate 19 + -9 + -9 + -12 + 5 - -21 - 23.
-8
What is (-8 - -28) + (4 - (-6 + 7 - -4))?
19
3 - (4 - (-25 + 50 + 0))
24
-6 - (-58 + 10 - (26 + -30)) - -20
58
Evaluate (-153 - -138 - -102) + -67.
20
What is the value of (13 - 4 - 1) + (15 - 14 - -20)?
29
What is the value of -7 + -39 - -7 - (6 + -15 - 8)?
-22
Evaluate 25 - (558 + -563 - (2 - 12)).
20
Evaluate (-1321 - -1366) + (3 - -1).
49
What is (-39 - (3 - 3)) + (4 - (-5 - 4))?
-26
What is the value of 64 + (-35 - (-18 + -3)) - 16?
34
What is 39 - -3 - (1233 + -1201)?
10
Calculate (-29 - -1) + -96 + (193 - 135).
-66
Calculate -1 - (-5 + -8 - (-33 + 36)).
15
Calculate 1 + 1 + -36 - (-4852 - -4850).
-32
Calculate (20 - (44 - 20)) + (9 - 3) + -100.
-98
-15 + 78 + (-38 - -2)
27
-20 - 36 - (18 - -1 - (119 - 93))
-49
Evaluate (72 - 42) + 7 + 7.
44
What is -187 + 212 - (0 + 28) - (-2 - -4 - 33)?
28
What is the value of (73 - 63 - -29) + -124?
-85
What is 15 - ((-28 - -36) + -20 - -7 - (-68 - 2))?
-50
What is 24 + (87 - 235) + 149?
25
155 + -80 + -82 + -1 + 4
-4
Evaluate 35 - (-35 + 20 + 37).
13
(10 - (10 + -7)) + -8 + 4 - 46
-43
What is -31 - -22 - (-20 - 1 - -2) - 16 - 48?
-54
Evaluate -6 - 1 - (16 - 41) - (2 - -3).
13
Evaluate (-118 - -69) + (15 - -62).
28
What is the value of -429 - -433 - (-4 - -54)?
-46
What is -36 + (49 - 2 - 40)?
-29
What is the value of -73 - -55 - -6 - -26?
14
Calculate -291 - -227 - (-85 - 10).
31
-13 + -117 + 53 + 46
-31
Calculate 0 + 1 + -1 + (-25 - (22 + 10)).
-57
What is (9 + 17 - 9) + (39 - (11 + -12))?
57
What is the value of -66 + -2 - (2181 + -2189)?
-60
Calculate (-3 - -34) + -3 + (-12 - (5 - 4) - -7).
22
What is 4 - ((-1 + -18 - 2) + (-7 - (-47 + 36)))?
21
What is 10 + (-111 - (-39 + 38)) + -35?
-135
What is 0 - 4 - (-19 - (-